 the prime factors of 389457567.
3, 139, 419, 743
What are the prime factors of 2722375422?
2, 3, 13, 31, 53, 73, 97
What are the prime factors of 103306250?
2, 5, 16529
What are the prime factors of 44100543?
3, 41, 358541
What are the prime factors of 83075878?
2, 37, 1122647
What are the prime factors of 213087758?
2, 13, 17, 482099
What are the prime factors of 1217816634?
2, 3, 149, 1362211
List the prime factors of 4565254007.
157, 661, 43991
List the prime factors of 8619772.
2, 7, 211, 1459
What are the prime factors of 1141649688?
2, 3, 17, 2798161
List the prime factors of 43580360.
2, 5, 1089509
What are the prime factors of 1087948579?
79, 1459, 9439
What are the prime factors of 17405613?
3, 1933957
What are the prime factors of 21024388?
2, 7, 11, 68261
List the prime factors of 641788794.
2, 3, 17, 2097349
List the prime factors of 4780252764.
2, 3, 7, 18969257
What are the prime factors of 62877665?
5, 709, 17737
List the prime factors of 2612022500.
2, 5, 1044809
What are the prime factors of 16532594?
2, 13, 41, 1193
What are the prime factors of 4846945?
5, 659, 1471
List the prime factors of 6642906903.
3, 131, 1878119
List the prime factors of 211890751.
211890751
List the prime factors of 1937531292.
2, 3, 161460941
What are the prime factors of 1916683973?
1916683973
List the prime factors of 2789265131.
23, 121272397
List the prime factors of 598170751.
598170751
What are the prime factors of 131359380?
2, 3, 5, 2189323
What are the prime factors of 4914108344?
2, 31, 19814953
What are the prime factors of 81118181?
81118181
What are the prime factors of 93300720?
2, 3, 5, 61, 6373
List the prime factors of 289410904.
2, 36176363
What are the prime factors of 1403262752?
2, 23, 1906607
What are the prime factors of 2672653868?
2, 12791, 52237
List the prime factors of 6987060.
2, 3, 5, 19, 227
List the prime factors of 59272249.
3889, 15241
List the prime factors of 1959798935.
5, 1571, 249497
List the prime factors of 795186070.
2, 5, 7, 59, 192539
List the prime factors of 3669583841.
7, 11, 17, 1229, 2281
List the prime factors of 120230946.
2, 3, 11, 202409
What are the prime factors of 256681030?
2, 5, 29, 885107
What are the prime factors of 6111654235?
5, 743, 1645129
What are the prime factors of 1487903223?
3, 17, 29174573
List the prime factors of 459746596.
2, 131, 877379
List the prime factors of 113581753.
19, 71, 269, 313
What are the prime factors of 26261187?
3, 127, 68927
What are the prime factors of 2840093508?
2, 3, 7, 17, 37, 1097
List the prime factors of 278276052.
2, 3, 19, 823, 1483
List the prime factors of 5576108322.
2, 3, 31, 41, 103, 229
What are the prime factors of 89025917?
89025917
What are the prime factors of 198901596?
2, 3, 16575133
List the prime factors of 260412450.
2, 3, 5, 233, 7451
List the prime factors of 399714723.
3, 19, 23, 1783
List the prime factors of 627056926.
2, 313528463
List the prime factors of 96248123.
23, 1783, 2347
List the prime factors of 1440876.
2, 3, 167, 719
What are the prime factors of 23484154?
2, 11742077
What are the prime factors of 114457129?
911, 125639
What are the prime factors of 34462777?
34462777
What are the prime factors of 2603582839?
11, 13, 311, 58543
List the prime factors of 1554687136.
2, 79, 733, 839
What are the prime factors of 677379306?
2, 3, 1423, 79337
List the prime factors of 135676748.
2, 33919187
What are the prime factors of 186403528?
2, 19, 1226339
What are the prime factors of 1018757949?
3, 11, 167, 184859
What are the prime factors of 481099804?
2, 120274951
List the prime factors of 2733538298.
2, 1366769149
What are the prime factors of 518835451?
19, 5107, 5347
What are the prime factors of 81660431?
277, 294803
List the prime factors of 268951590.
2, 3, 5, 332039
What are the prime factors of 101622821?
17, 113, 52901
List the prime factors of 2496465044.
2, 4423, 141107
What are the prime factors of 2494822192?
2, 155926387
List the prime factors of 4799537695.
5, 37, 41, 53, 11939
What are the prime factors of 2108716644?
2, 3, 175726387
What are the prime factors of 1558809127?
1558809127
List the prime factors of 781326483.
3, 7, 3533, 10531
What are the prime factors of 4803462517?
7, 79, 8686189
List the prime factors of 2108873435.
5, 101, 1637, 2551
List the prime factors of 448695981.
3, 47, 1060747
List the prime factors of 2612828.
2, 653207
What are the prime factors of 17317721?
19, 911459
What are the prime factors of 53381852?
2, 13345463
List the prime factors of 93259443.
3, 31086481
What are the prime factors of 875135428?
2, 307, 712651
What are the prime factors of 1148877843?
3, 61, 6278021
List the prime factors of 311363892.
2, 3, 7, 139, 2963
List the prime factors of 94312766.
2, 89, 529847
What are the prime factors of 989395738?
2, 23, 21508603
What are the prime factors of 612955272?
2, 3, 25539803
List the prime factors of 413857187.
5407, 76541
List the prime factors of 299472934.
2, 829, 180623
What are the prime factors of 237083636?
2, 397, 149297
What are the prime factors of 51635857?
7, 13, 103, 787
List the prime factors of 59565617.
739, 80603
What are the prime factors of 124225867?
124225867
List the prime factors of 19859219.
607, 32717
What are the prime factors of 7062933509?
17, 415466677
What are the prime factors of 8128025?
5, 139, 2339
What are the prime factors of 57393819?
3, 7, 17, 17863
What are the prime factors of 44852495?
5, 8970499
List the prime factors of 32189503.
2153, 14951
What are the prime factors of 182960112?
2, 3, 3811669
List the prime factors of 443033178.
2, 3, 7, 1663, 6343
What are the prime factors of 94639239?
3, 823, 4259
What are the prime factors of 8344159709?
263, 743, 42701
What are the prime factors of 1925520995?
5, 385104199
What are the prime factors of 360116908?
2, 149, 604223
What are the prime factors of 1326545691?
3, 607, 728471
What are the prime factors of 437140826?
2, 218570413
List the prime factors of 161665907.
13, 599, 1597
List the prime factors of 84182237.
197, 331, 1291
What are the prime factors of 7843544?
2, 43, 151
What are the prime factors of 1374739736?
2, 37, 1229, 3779
List the prime factors of 39316967.
39316967
List the prime factors of 2854879.
457, 6247
What are the prime factors of 1790681549?
1790681549
What are the prime factors of 1870194498?
2, 3, 311699083
List the prime factors of 752686380.
2, 3, 5, 241, 17351
What are the prime factors of 1865854681?
457, 821, 4973
What are the prime factors of 1476609251?
13, 2791, 40697
What are the prime factors of 641615369?
509, 1260541
What are the prime factors of 490923063?
3, 23, 2371609
List the prime factors of 635988378.
2, 3, 105998063
What are the prime factors of 6971458141?
17, 410085773
List the prime factors of 4471591077.
3, 41, 2069, 5857
What are the prime factors of 219595131?
3, 7, 251, 1543
List the prime factors of 3999587053.
7, 11, 51942689
What are the prime factors of 280822797?
3, 31202533
What are the prime factors of 180047766?
2, 3, 30007961
List the prime factors of 173411396.
2, 31, 139, 10061
What are the prime factors of 134335840?
2, 5, 839599
What are the prime factors of 1082545653?
3, 7, 19, 557, 4871
List the prime factors of 771818993.
11, 3697, 18979
What are the prime factors of 100463530?
2, 5, 41, 245033
What are the prime factors of 64634385?
3, 5, 863, 4993
What are the prime factors of 2462100687?
3, 47, 5820569
What are the prime factors of 2777669984?
2, 17, 5106011
List the prime factors of 105718460.
2, 5, 5285923
What are the prime factors of 748127060?
2, 5, 2557, 14629
List the prime factors of 43829779.
7, 41, 152717
List the prime factors of 662799449.
13, 6079, 8387
What are the prime factors of 58975791?
3, 7, 19, 79, 1871
List the prime factors of 186532551.
3, 17, 135463
What are the prime factors of 71584218?
2, 3, 439, 9059
List the prime factors of 3366510818.
2, 11, 367, 416957
What are the prime factors of 3581320563?
3, 157, 2534551
List the prime factors of 247800204.
2, 3, 19, 362281
List the prime factors of 3332812554.
2, 3, 6857639
What are the prime factors of 73547764?
2, 71, 258971
What are the prime factors of 25592169?
3, 23, 421, 881
List the prime factors of 350073709.
42